{"id":2706,"date":"2024-06-05T21:59:10","date_gmt":"2024-06-05T21:59:10","guid":{"rendered":"https:\/\/www.pannaanna.com.pl\/?post_type=product&#038;p=2706"},"modified":"2024-06-17T10:57:27","modified_gmt":"2024-06-17T10:57:27","slug":"zlocona-zawieszka-na-alkohol-wraz-ze-zlotym-sznureczkiem","status":"publish","type":"product","link":"https:\/\/www.pannaanna.com.pl\/index.php\/produkt\/zlocona-zawieszka-na-alkohol-wraz-ze-zlotym-sznureczkiem\/","title":{"rendered":"Z\u0142ocona zawieszka na alkohol wraz ze z\u0142otym sznureczkiem"},"content":{"rendered":"<p>Jak Zam\u00f3wi\u0107?<br \/>&#8211; <strong>Dodaj do Koszyka:<\/strong> Wybierz potrzebn\u0105 ilo\u015b\u0107 zawieszek i dodaj je do koszyka.<br \/> &#8211; <strong>Uwagi do Zam\u00f3wienia:<\/strong> W okienku &#8222;UWAGI DO ZAM\u00d3WIENIA&#8221; podczas sk\u0142adania zam\u00f3wienia, podaj nam szczeg\u00f3\u0142y dotycz\u0105ce personalizacji, takie jak imiona pary m\u0142odej oraz data \u015blubu.<br \/>&#8211; <strong>Dokonaj P\u0142atno\u015bci:<\/strong> Po dodaniu zawieszek do koszyka, dokonaj p\u0142atno\u015bci za wybran\u0105 ilo\u015b\u0107.<br \/>&#8211; <strong>Projekt Zawieszki:<\/strong> Po zaksi\u0119gowaniu si\u0119 p\u0142atno\u015bci, prze\u015blemy do Ciebie projekt zawieszki do potwierdzenia lub wprowadzenia ewentualnych poprawek.<br \/>&#8211; <strong>Produkcja:<\/strong> Po ostatecznej akceptacji projektu przyst\u0105pimy do produkcji. Ka\u017cda zawieszka jest starannie wykonana z dba\u0142o\u015bci\u0105 o ka\u017cdy detal.<\/p>\n<p>OTRZYMUJ\u0104 PA\u0143STWO GOTOWY PRODUKT DO ZAWIESZENIA.<\/p>\n","protected":false},"excerpt":{"rendered":"<p>Nasza z\u0142ocona zawieszka na alkohol to doskona\u0142y dodatek, kt\u00f3ry podkre\u015bli elegancj\u0119 i wyj\u0105tkowo\u015b\u0107 ka\u017cdej butelki na Twoim wydarzeniu. Zawieszka ma r\u0119cznie z\u0142ocony brzeg, kt\u00f3ry dodaje jej wyj\u0105tkowego blasku i presti\u017cowego wygl\u0105du. Z\u0142oty sznureczek idealnie komponuje si\u0119 z ca\u0142o\u015bci\u0105, nadaj\u0105c jej jeszcze wi\u0119cej uroku.<\/p>\n<p>Zam\u00f3w teraz, aby doda\u0107 odrobin\u0119 luksusu i klasy do swojego wydarzenia!<\/p>\n","protected":false},"featured_media":2709,"template":"","meta":[],"product_brand":[],"product_cat":[20],"product_tag":[46,48,47],"class_list":{"0":"post-2706","1":"product","2":"type-product","3":"status-publish","4":"has-post-thumbnail","6":"product_cat-zawieszki-na-alkohol","7":"product_tag-zawieszki-na-alkohol","8":"product_tag-zawieszki-na-butelke-ze-smiesznymi-tekstami","9":"product_tag-zlocone-zawieszki-na-butelke","11":"first","12":"instock","13":"shipping-taxable","14":"purchasable","15":"product-type-simple"},"_links":{"self":[{"href":"https:\/\/www.pannaanna.com.pl\/index.php\/wp-json\/wp\/v2\/product\/2706","targetHints":{"allow":["GET"]}}],"collection":[{"href":"https:\/\/www.pannaanna.com.pl\/index.php\/wp-json\/wp\/v2\/product"}],"about":[{"href":"https:\/\/www.pannaanna.com.pl\/index.php\/wp-json\/wp\/v2\/types\/product"}],"wp:featuredmedia":[{"embeddable":true,"href":"https:\/\/www.pannaanna.com.pl\/index.php\/wp-json\/wp\/v2\/media\/2709"}],"wp:attachment":[{"href":"https:\/\/www.pannaanna.com.pl\/index.php\/wp-json\/wp\/v2\/media?parent=2706"}],"wp:term":[{"taxonomy":"product_brand","embeddable":true,"href":"https:\/\/www.pannaanna.com.pl\/index.php\/wp-json\/wp\/v2\/product_brand?post=2706"},{"taxonomy":"product_cat","embeddable":true,"href":"https:\/\/www.pannaanna.com.pl\/index.php\/wp-json\/wp\/v2\/product_cat?post=2706"},{"taxonomy":"product_tag","embeddable":true,"href":"https:\/\/www.pannaanna.com.pl\/index.php\/wp-json\/wp\/v2\/product_tag?post=2706"}],"curies":[{"name":"wp","href":"https:\/\/api.w.org\/{rel}","templated":true}]}}