{"id":3014,"date":"2024-07-19T14:59:06","date_gmt":"2024-07-19T14:59:06","guid":{"rendered":"https:\/\/www.pannaanna.com.pl\/?post_type=product&#038;p=3014"},"modified":"2024-07-19T15:10:54","modified_gmt":"2024-07-19T15:10:54","slug":"kwiatowy-urok-winietka-slubna","status":"publish","type":"product","link":"https:\/\/www.pannaanna.com.pl\/index.php\/produkt\/kwiatowy-urok-winietka-slubna\/","title":{"rendered":"Kwiatowy Urok &#8211; Winietka \u015alubna"},"content":{"rendered":"<p>Przedstawiamy winietk\u0119 \u015blubn\u0105 &#8222;Kwiatowy Urok&#8221; \u2013 doskona\u0142y element dekoracyjny na Wasze przyj\u0119cie weselne. Ta wyj\u0105tkowa winietka, zdobiona pi\u0119knymi kwiatowymi wzorami, wnosi romantyczny i elegancki akcent do sto\u0142u, pomagaj\u0105c go\u015bciom \u0142atwo znale\u017a\u0107 swoje miejsca.<\/p>\n<p>Jak zam\u00f3wi\u0107? To proste!<br \/>&#8211;<strong>Dokonaj p\u0142atno\u015bci<\/strong> za wybran\u0105 ilo\u015b\u0107 winietek.<br \/>&#8211;<strong>Podaj list\u0119 go\u015bci:<\/strong> Wysy\u0142aj\u0105c informacje na adres e-mail: <a>pracownia@pannaanna.com.pl<\/a>, podaj list\u0119 go\u015bci<br \/>&#8211;<strong>Projekt do zatwierdzenia:<\/strong> Po zaksi\u0119gowaniu p\u0142atno\u015bci wy\u015blemy do Ciebie projekt winietki do potwierdzenia lub wprowadzenia poprawek.<br \/>&#8211;<strong>Produkcja:<\/strong> Po ostatecznej akceptacji przyst\u0119pujemy do produkcji Twoich winietek.<\/p>\n","protected":false},"excerpt":{"rendered":"<p>Winietka \u015blubna &#8222;Kwiatowy Urok&#8221; to elegancki dodatek do dekoracji sto\u0142u, ozdobiona pi\u0119knymi kwiatowymi wzorami. Idealna, aby doda\u0107 romantycznego uroku Waszej uroczysto\u015bci.<\/p>\n","protected":false},"featured_media":3016,"template":"","meta":[],"product_brand":[],"product_cat":[19],"product_tag":[82,38,62,39,83],"class_list":{"0":"post-3014","1":"product","2":"type-product","3":"status-publish","4":"has-post-thumbnail","6":"product_cat-winietki","7":"product_tag-kwiatowy-urok-winietka-slubna","8":"product_tag-winietka","9":"product_tag-winietka-boho","10":"product_tag-winietka-slubna","11":"product_tag-winietka-z-kwiatkami","13":"first","14":"instock","15":"shipping-taxable","16":"purchasable","17":"product-type-simple"},"_links":{"self":[{"href":"https:\/\/www.pannaanna.com.pl\/index.php\/wp-json\/wp\/v2\/product\/3014","targetHints":{"allow":["GET"]}}],"collection":[{"href":"https:\/\/www.pannaanna.com.pl\/index.php\/wp-json\/wp\/v2\/product"}],"about":[{"href":"https:\/\/www.pannaanna.com.pl\/index.php\/wp-json\/wp\/v2\/types\/product"}],"wp:featuredmedia":[{"embeddable":true,"href":"https:\/\/www.pannaanna.com.pl\/index.php\/wp-json\/wp\/v2\/media\/3016"}],"wp:attachment":[{"href":"https:\/\/www.pannaanna.com.pl\/index.php\/wp-json\/wp\/v2\/media?parent=3014"}],"wp:term":[{"taxonomy":"product_brand","embeddable":true,"href":"https:\/\/www.pannaanna.com.pl\/index.php\/wp-json\/wp\/v2\/product_brand?post=3014"},{"taxonomy":"product_cat","embeddable":true,"href":"https:\/\/www.pannaanna.com.pl\/index.php\/wp-json\/wp\/v2\/product_cat?post=3014"},{"taxonomy":"product_tag","embeddable":true,"href":"https:\/\/www.pannaanna.com.pl\/index.php\/wp-json\/wp\/v2\/product_tag?post=3014"}],"curies":[{"name":"wp","href":"https:\/\/api.w.org\/{rel}","templated":true}]}}