{"id":3045,"date":"2024-08-05T10:44:32","date_gmt":"2024-08-05T10:44:32","guid":{"rendered":"https:\/\/www.pannaanna.com.pl\/?post_type=product&#038;p=3045"},"modified":"2024-08-05T10:57:13","modified_gmt":"2024-08-05T10:57:13","slug":"menu-weselne-kolekcja-delikatne","status":"publish","type":"product","link":"https:\/\/www.pannaanna.com.pl\/index.php\/produkt\/menu-weselne-kolekcja-delikatne\/","title":{"rendered":"menu weselne &#8211;  kolekcja delikatne"},"content":{"rendered":"<p>Przedstawiamy menu weselne z kolekcji &#8222;Delikatne&#8221; &#8211; idealne po\u0142\u0105czenie elegancji i subtelno\u015bci.<\/p>\n<p>Ka\u017cda z czterech stron karty menu mo\u017ce by\u0107 zapisana. Menu weselne mo\u017cna personalizowa\u0107, dodaj\u0105c imiona nowo\u017ce\u0144c\u00f3w, dat\u0119 \u015blubu oraz list\u0119 da\u0144 i napoj\u00f3w serwowanych na przyj\u0119ciu. Dzi\u0119ki temu ka\u017cde menu staje si\u0119 unikalne i dopasowane do Twojej wizji wesela.<\/p>\n<p><strong>Specyfikacja:<\/strong><br \/>-szeroko\u015b\u0107: 20 cm, wysoko\u015b\u0107: 21 cm,<br \/>-gramatura papieru: 250 g\/m2<br \/>-papier wysokiej jako\u015bci, fakturowany<br \/>-przygotowanie projektu menu wg wytycznych Klienta<br \/><strong><br \/>Przebieg zam\u00f3wienia:<\/strong><br \/>&#8211; Zakup wybran\u0105 ilo\u015b\u0107 menu<br \/>&#8211; Na adres e-mail pracownia@pannaanna.com.pl prze\u015blij wszystkie niezb\u0119dne dane kt\u00f3re mamy umie\u015bci\u0107 w menu (posi\u0142ki, godziny).<br \/>&#8211; Na ich podstawie wykonamy dla Pa\u0144stwa projekt menu i wy\u015blemy go do potwierdzenia lub okre\u015blenia poprawek.<br \/>&#8211; Po ostatecznej akceptacji przyst\u0119pujemy do produkcji.<\/p>\n","protected":false},"excerpt":{"rendered":"<p>Eleganckie menu na pi\u0119knym, fakturowanym papierze, kt\u00f3re dodaje uroku i subtelno\u015bci ka\u017cdemu weselnemu przyj\u0119ciu.<\/p>\n","protected":false},"featured_media":3047,"template":"","meta":[],"product_brand":[],"product_cat":[23],"product_tag":[69,72,71],"class_list":{"0":"post-3045","1":"product","2":"type-product","3":"status-publish","4":"has-post-thumbnail","6":"product_cat-menu-weselne","7":"product_tag-menu-weselne","8":"product_tag-menu-z-agenda","9":"product_tag-menu-z-drinkami","11":"first","12":"instock","13":"shipping-taxable","14":"purchasable","15":"product-type-simple"},"_links":{"self":[{"href":"https:\/\/www.pannaanna.com.pl\/index.php\/wp-json\/wp\/v2\/product\/3045","targetHints":{"allow":["GET"]}}],"collection":[{"href":"https:\/\/www.pannaanna.com.pl\/index.php\/wp-json\/wp\/v2\/product"}],"about":[{"href":"https:\/\/www.pannaanna.com.pl\/index.php\/wp-json\/wp\/v2\/types\/product"}],"wp:featuredmedia":[{"embeddable":true,"href":"https:\/\/www.pannaanna.com.pl\/index.php\/wp-json\/wp\/v2\/media\/3047"}],"wp:attachment":[{"href":"https:\/\/www.pannaanna.com.pl\/index.php\/wp-json\/wp\/v2\/media?parent=3045"}],"wp:term":[{"taxonomy":"product_brand","embeddable":true,"href":"https:\/\/www.pannaanna.com.pl\/index.php\/wp-json\/wp\/v2\/product_brand?post=3045"},{"taxonomy":"product_cat","embeddable":true,"href":"https:\/\/www.pannaanna.com.pl\/index.php\/wp-json\/wp\/v2\/product_cat?post=3045"},{"taxonomy":"product_tag","embeddable":true,"href":"https:\/\/www.pannaanna.com.pl\/index.php\/wp-json\/wp\/v2\/product_tag?post=3045"}],"curies":[{"name":"wp","href":"https:\/\/api.w.org\/{rel}","templated":true}]}}